{"id":23904,"date":"2024-02-01T10:59:03","date_gmt":"2024-02-01T09:59:03","guid":{"rendered":"https:\/\/oxceed.com\/?post_type=portfolio&#038;p=23904"},"modified":"2024-02-01T11:01:58","modified_gmt":"2024-02-01T10:01:58","slug":"dieter-wallmark-kalisch-affarsomradeschef-3","status":"publish","type":"portfolio","link":"https:\/\/oxceed.com\/no\/portfolio\/dieter-wallmark-kalisch-affarsomradeschef-3\/","title":{"rendered":"Dieter Wallmark-Kalisch, Aff\u00e4rsomr\u00e5deschef"},"content":{"rendered":"\n<p>Oxceed g\u00f6r det l\u00e4tt att plocka ut olika delar av v\u00e5r ekonomi och dela den med relevanta personer. Vissa f\u00e5r en detaljerad bild av utvecklingen medan styrelsen f\u00e5r en mer \u00f6versiktlig rapport.<\/p>\n","protected":false},"excerpt":{"rendered":"<p>Oxceed g\u00f6r det l\u00e4tt att plocka ut olika delar av v\u00e5r ekonomi och dela den med relevanta personer. Vissa f\u00e5r en detaljerad bild av utvecklingen medan styrelsen f\u00e5r en mer \u00f6versiktlig rapport.<\/p>\n","protected":false},"author":2,"featured_media":0,"menu_order":0,"comment_status":"closed","ping_status":"open","template":"","meta":{"_acf_changed":false,"_trash_the_other_posts":false,"editor_notices":[],"footnotes":""},"portfolio_category":[],"portfolio_tag":[1372438,1372423],"class_list":["post-23904","portfolio","type-portfolio","status-publish","hentry","portfolio_tag-konsultbyra","portfolio_tag-rapportering"],"acf":[],"yoast_head":"<!-- This site is optimized with the Yoast SEO Premium plugin v26.5 (Yoast SEO v27.4) - https:\/\/yoast.com\/product\/yoast-seo-premium-wordpress\/ -->\n<title>Dieter Wallmark-Kalisch, Aff\u00e4rsomr\u00e5deschef - Oxceed Norway<\/title>\n<meta name=\"robots\" content=\"noindex, nofollow\" \/>\n<meta property=\"og:locale\" content=\"en_GB\" \/>\n<meta property=\"og:type\" content=\"article\" \/>\n<meta property=\"og:title\" content=\"Dieter Wallmark-Kalisch, Aff\u00e4rsomr\u00e5deschef\" \/>\n<meta property=\"og:description\" content=\"Oxceed g\u00f6r det l\u00e4tt att plocka ut olika delar av v\u00e5r ekonomi och dela den med relevanta personer. Vissa f\u00e5r en detaljerad bild av utvecklingen medan styrelsen f\u00e5r en mer \u00f6versiktlig rapport.\" \/>\n<meta property=\"og:url\" content=\"https:\/\/oxceed.com\/no\/portfolio\/dieter-wallmark-kalisch-affarsomradeschef-3\/\" \/>\n<meta property=\"og:site_name\" content=\"Oxceed Norway\" \/>\n<meta property=\"article:modified_time\" content=\"2024-02-01T10:01:58+00:00\" \/>\n<meta name=\"twitter:card\" content=\"summary_large_image\" \/>\n<meta name=\"twitter:label1\" content=\"Estimated reading time\" \/>\n\t<meta name=\"twitter:data1\" content=\"1 minute\" \/>\n<script type=\"application\/ld+json\" class=\"yoast-schema-graph\">{\"@context\":\"https:\\\/\\\/schema.org\",\"@graph\":[{\"@type\":\"WebPage\",\"@id\":\"https:\\\/\\\/oxceed.com\\\/no\\\/portfolio\\\/dieter-wallmark-kalisch-affarsomradeschef-3\\\/\",\"url\":\"https:\\\/\\\/oxceed.com\\\/no\\\/portfolio\\\/dieter-wallmark-kalisch-affarsomradeschef-3\\\/\",\"name\":\"Dieter Wallmark-Kalisch, Aff\u00e4rsomr\u00e5deschef - Oxceed Norway\",\"isPartOf\":{\"@id\":\"https:\\\/\\\/oxceed.com\\\/no\\\/#website\"},\"datePublished\":\"2024-02-01T09:59:03+00:00\",\"dateModified\":\"2024-02-01T10:01:58+00:00\",\"breadcrumb\":{\"@id\":\"https:\\\/\\\/oxceed.com\\\/no\\\/portfolio\\\/dieter-wallmark-kalisch-affarsomradeschef-3\\\/#breadcrumb\"},\"inLanguage\":\"en-GB\",\"potentialAction\":[{\"@type\":\"ReadAction\",\"target\":[\"https:\\\/\\\/oxceed.com\\\/no\\\/portfolio\\\/dieter-wallmark-kalisch-affarsomradeschef-3\\\/\"]}]},{\"@type\":\"BreadcrumbList\",\"@id\":\"https:\\\/\\\/oxceed.com\\\/no\\\/portfolio\\\/dieter-wallmark-kalisch-affarsomradeschef-3\\\/#breadcrumb\",\"itemListElement\":[{\"@type\":\"ListItem\",\"position\":1,\"name\":\"Home\",\"item\":\"https:\\\/\\\/oxceed.com\\\/no\\\/\"},{\"@type\":\"ListItem\",\"position\":2,\"name\":\"Portfolios\",\"item\":\"https:\\\/\\\/oxceed.com\\\/no\\\/portfolio\\\/\"},{\"@type\":\"ListItem\",\"position\":3,\"name\":\"Dieter Wallmark-Kalisch, Aff\u00e4rsomr\u00e5deschef\"}]},{\"@type\":\"WebSite\",\"@id\":\"https:\\\/\\\/oxceed.com\\\/no\\\/#website\",\"url\":\"https:\\\/\\\/oxceed.com\\\/no\\\/\",\"name\":\"Oxceed Norway\",\"description\":\"Fatta b\u00e4ttre beslut med Oxceed\",\"potentialAction\":[{\"@type\":\"SearchAction\",\"target\":{\"@type\":\"EntryPoint\",\"urlTemplate\":\"https:\\\/\\\/oxceed.com\\\/no\\\/?s={search_term_string}\"},\"query-input\":{\"@type\":\"PropertyValueSpecification\",\"valueRequired\":true,\"valueName\":\"search_term_string\"}}],\"inLanguage\":\"en-GB\"}]}<\/script>\n<!-- \/ Yoast SEO Premium plugin. -->","yoast_head_json":{"title":"Dieter Wallmark-Kalisch, Aff\u00e4rsomr\u00e5deschef - Oxceed Norway","robots":{"index":"noindex","follow":"nofollow"},"og_locale":"en_GB","og_type":"article","og_title":"Dieter Wallmark-Kalisch, Aff\u00e4rsomr\u00e5deschef","og_description":"Oxceed g\u00f6r det l\u00e4tt att plocka ut olika delar av v\u00e5r ekonomi och dela den med relevanta personer. Vissa f\u00e5r en detaljerad bild av utvecklingen medan styrelsen f\u00e5r en mer \u00f6versiktlig rapport.","og_url":"https:\/\/oxceed.com\/no\/portfolio\/dieter-wallmark-kalisch-affarsomradeschef-3\/","og_site_name":"Oxceed Norway","article_modified_time":"2024-02-01T10:01:58+00:00","twitter_card":"summary_large_image","twitter_misc":{"Estimated reading time":"1 minute"},"schema":{"@context":"https:\/\/schema.org","@graph":[{"@type":"WebPage","@id":"https:\/\/oxceed.com\/no\/portfolio\/dieter-wallmark-kalisch-affarsomradeschef-3\/","url":"https:\/\/oxceed.com\/no\/portfolio\/dieter-wallmark-kalisch-affarsomradeschef-3\/","name":"Dieter Wallmark-Kalisch, Aff\u00e4rsomr\u00e5deschef - Oxceed Norway","isPartOf":{"@id":"https:\/\/oxceed.com\/no\/#website"},"datePublished":"2024-02-01T09:59:03+00:00","dateModified":"2024-02-01T10:01:58+00:00","breadcrumb":{"@id":"https:\/\/oxceed.com\/no\/portfolio\/dieter-wallmark-kalisch-affarsomradeschef-3\/#breadcrumb"},"inLanguage":"en-GB","potentialAction":[{"@type":"ReadAction","target":["https:\/\/oxceed.com\/no\/portfolio\/dieter-wallmark-kalisch-affarsomradeschef-3\/"]}]},{"@type":"BreadcrumbList","@id":"https:\/\/oxceed.com\/no\/portfolio\/dieter-wallmark-kalisch-affarsomradeschef-3\/#breadcrumb","itemListElement":[{"@type":"ListItem","position":1,"name":"Home","item":"https:\/\/oxceed.com\/no\/"},{"@type":"ListItem","position":2,"name":"Portfolios","item":"https:\/\/oxceed.com\/no\/portfolio\/"},{"@type":"ListItem","position":3,"name":"Dieter Wallmark-Kalisch, Aff\u00e4rsomr\u00e5deschef"}]},{"@type":"WebSite","@id":"https:\/\/oxceed.com\/no\/#website","url":"https:\/\/oxceed.com\/no\/","name":"Oxceed Norway","description":"Fatta b\u00e4ttre beslut med Oxceed","potentialAction":[{"@type":"SearchAction","target":{"@type":"EntryPoint","urlTemplate":"https:\/\/oxceed.com\/no\/?s={search_term_string}"},"query-input":{"@type":"PropertyValueSpecification","valueRequired":true,"valueName":"search_term_string"}}],"inLanguage":"en-GB"}]}},"_links":{"self":[{"href":"https:\/\/oxceed.com\/no\/wp-json\/wp\/v2\/portfolio\/23904","targetHints":{"allow":["GET"]}}],"collection":[{"href":"https:\/\/oxceed.com\/no\/wp-json\/wp\/v2\/portfolio"}],"about":[{"href":"https:\/\/oxceed.com\/no\/wp-json\/wp\/v2\/types\/portfolio"}],"author":[{"embeddable":true,"href":"https:\/\/oxceed.com\/no\/wp-json\/wp\/v2\/users\/2"}],"replies":[{"embeddable":true,"href":"https:\/\/oxceed.com\/no\/wp-json\/wp\/v2\/comments?post=23904"}],"version-history":[{"count":1,"href":"https:\/\/oxceed.com\/no\/wp-json\/wp\/v2\/portfolio\/23904\/revisions"}],"predecessor-version":[{"id":23909,"href":"https:\/\/oxceed.com\/no\/wp-json\/wp\/v2\/portfolio\/23904\/revisions\/23909"}],"wp:attachment":[{"href":"https:\/\/oxceed.com\/no\/wp-json\/wp\/v2\/media?parent=23904"}],"wp:term":[{"taxonomy":"portfolio_category","embeddable":true,"href":"https:\/\/oxceed.com\/no\/wp-json\/wp\/v2\/portfolio_category?post=23904"},{"taxonomy":"portfolio_tag","embeddable":true,"href":"https:\/\/oxceed.com\/no\/wp-json\/wp\/v2\/portfolio_tag?post=23904"}],"curies":[{"name":"wp","href":"https:\/\/api.w.org\/{rel}","templated":true}]}}

Dieter Wallmark-Kalisch, Affärsområdeschef

<p>Oxceed gör det lätt att plocka ut olika delar av vår ekonomi och dela den med relevanta personer. Vissa får en detaljerad bild av utvecklingen medan styrelsen får en mer översiktlig rapport.</p>

<!-- This site is optimized with the Yoast SEO Premium plugin v26.5 (Yoast SEO v27.4) - https://yoast.com/product/yoast-seo-premium-wordpress/ -->
<title>Dieter Wallmark-Kalisch, Affärsområdeschef - Oxceed Norway</title>
<meta name="robots" content="noindex, nofollow" />
<meta property="og:locale" content="en_GB" />
<meta property="og:type" content="article" />
<meta property="og:title" content="Dieter Wallmark-Kalisch, Affärsområdeschef" />
<meta property="og:description" content="Oxceed gör det lätt att plocka ut olika delar av vår ekonomi och dela den med relevanta personer. Vissa får en detaljerad bild av utvecklingen medan styrelsen får en mer översiktlig rapport." />
<meta property="og:url" content="https://oxceed.com/no/portfolio/dieter-wallmark-kalisch-affarsomradeschef-3/" />
<meta property="og:site_name" content="Oxceed Norway" />
<meta property="article:modified_time" content="2024-02-01T10:01:58+00:00" />
<meta name="twitter:card" content="summary_large_image" />
<meta name="twitter:label1" content="Estimated reading time" />
	<meta name="twitter:data1" content="1 minute" />
<script type="application/ld+json" class="yoast-schema-graph">{"@context":"https:\/\/schema.org","@graph":[{"@type":"WebPage","@id":"https:\/\/oxceed.com\/no\/portfolio\/dieter-wallmark-kalisch-affarsomradeschef-3\/","url":"https:\/\/oxceed.com\/no\/portfolio\/dieter-wallmark-kalisch-affarsomradeschef-3\/","name":"Dieter Wallmark-Kalisch, Affärsområdeschef - Oxceed Norway","isPartOf":{"@id":"https:\/\/oxceed.com\/no\/#website"},"datePublished":"2024-02-01T09:59:03+00:00","dateModified":"2024-02-01T10:01:58+00:00","breadcrumb":{"@id":"https:\/\/oxceed.com\/no\/portfolio\/dieter-wallmark-kalisch-affarsomradeschef-3\/#breadcrumb"},"inLanguage":"en-GB","potentialAction":[{"@type":"ReadAction","target":["https:\/\/oxceed.com\/no\/portfolio\/dieter-wallmark-kalisch-affarsomradeschef-3\/"]}]},{"@type":"BreadcrumbList","@id":"https:\/\/oxceed.com\/no\/portfolio\/dieter-wallmark-kalisch-affarsomradeschef-3\/#breadcrumb","itemListElement":[{"@type":"ListItem","position":1,"name":"Home","item":"https:\/\/oxceed.com\/no\/"},{"@type":"ListItem","position":2,"name":"Portfolios","item":"https:\/\/oxceed.com\/no\/portfolio\/"},{"@type":"ListItem","position":3,"name":"Dieter Wallmark-Kalisch, Affärsområdeschef"}]},{"@type":"WebSite","@id":"https:\/\/oxceed.com\/no\/#website","url":"https:\/\/oxceed.com\/no\/","name":"Oxceed Norway","description":"Fatta bättre beslut med Oxceed","potentialAction":[{"@type":"SearchAction","target":{"@type":"EntryPoint","urlTemplate":"https:\/\/oxceed.com\/no\/?s={search_term_string}"},"query-input":{"@type":"PropertyValueSpecification","valueRequired":true,"valueName":"search_term_string"}}],"inLanguage":"en-GB"}]}</script>
<!-- / Yoast SEO Premium plugin. -->

Dieter Wallmark-Kalisch, Affärsområdeschef - Oxceed Norway

Oxceed gör det lätt att plocka ut olika delar av vår ekonomi och dela den med relevanta personer. Vissa får en detaljerad bild av utvecklingen medan styrelsen får en mer översiktlig rapport.

Fatta bättre beslut med Oxceed
